[INFO] fetching crate ndless 0.8.6...
[INFO] checking ndless-0.8.6 against try#72f88fc4e9458f89516a0b8b0868f3718aec5b47 for pr-74989
[INFO] extracting crate ndless 0.8.6 into /workspace/builds/worker-2/source
[INFO] validating manifest of crates.io crate ndless 0.8.6 on toolchain 72f88fc4e9458f89516a0b8b0868f3718aec5b47
[INFO] running `Command { std: "/workspace/cargo-home/bin/cargo" "+72f88fc4e9458f89516a0b8b0868f3718aec5b47" "read-manifest" "--manifest-path" "Cargo.toml", kill_on_drop: false }`
[INFO] started tweaking crates.io crate ndless 0.8.6
[INFO] finished tweaking crates.io crate ndless 0.8.6
[INFO] tweaked toml for crates.io crate ndless 0.8.6 written to /workspace/builds/worker-2/source/Cargo.toml
[INFO] running `Command { std: "/workspace/cargo-home/bin/cargo" "+72f88fc4e9458f89516a0b8b0868f3718aec5b47" "generate-lockfile" "--manifest-path" "Cargo.toml" "-Zno-index-update", kill_on_drop: false }`
[INFO] running `Command { std: "/workspace/cargo-home/bin/cargo" "+72f88fc4e9458f89516a0b8b0868f3718aec5b47" "fetch" "--locked" "--manifest-path" "Cargo.toml", kill_on_drop: false }`
[INFO] running `Command { std: "docker" "create" "-v" "/var/lib/crater-agent-workspace/builds/worker-2/target:/opt/rustwide/target:rw,Z" "-v" "/var/lib/crater-agent-workspace/builds/worker-2/source:/opt/rustwide/workdir:ro,Z" "-v" "/var/lib/crater-agent-workspace/cargo-home:/opt/rustwide/cargo-home:ro,Z" "-v" "/var/lib/crater-agent-workspace/rustup-home:/opt/rustwide/rustup-home:ro,Z" "-e" "SOURCE_DIR=/opt/rustwide/workdir" "-e" "CARGO_TARGET_DIR=/opt/rustwide/target" "-e" "CARGO_HOME=/opt/rustwide/cargo-home" "-e" "RUSTUP_HOME=/opt/rustwide/rustup-home" "-w" "/opt/rustwide/workdir" "-m" "1610612736" "--user" "0:0" "--network" "none" "rustops/crates-build-env@sha256:d92eaeed33fa75130ca1ee6c8a01d1ffb62bac859dfdfb3450e3e5d1c0146529" "/opt/rustwide/cargo-home/bin/cargo" "+72f88fc4e9458f89516a0b8b0868f3718aec5b47" "metadata" "--no-deps" "--format-version=1", kill_on_drop: false }`
[INFO] [stderr] WARNING: Your kernel does not support swap limit capabilities or the cgroup is not mounted. Memory limited without swap.
[INFO] [stdout] 7c311cefffc3853ef8ccfc7b427c66696da6b22a674697016ef6086930f29f26
[INFO] running `Command { std: "docker" "start" "-a" "7c311cefffc3853ef8ccfc7b427c66696da6b22a674697016ef6086930f29f26", kill_on_drop: false }`
[INFO] running `Command { std: "docker" "inspect" "7c311cefffc3853ef8ccfc7b427c66696da6b22a674697016ef6086930f29f26", kill_on_drop: false }`
[INFO] running `Command { std: "docker" "rm" "-f" "7c311cefffc3853ef8ccfc7b427c66696da6b22a674697016ef6086930f29f26", kill_on_drop: false }`
[INFO] [stdout] 7c311cefffc3853ef8ccfc7b427c66696da6b22a674697016ef6086930f29f26
[INFO] running `Command { std: "docker" "create" "-v" "/var/lib/crater-agent-workspace/builds/worker-2/target:/opt/rustwide/target:rw,Z" "-v" "/var/lib/crater-agent-workspace/builds/worker-2/source:/opt/rustwide/workdir:ro,Z" "-v" "/var/lib/crater-agent-workspace/cargo-home:/opt/rustwide/cargo-home:ro,Z" "-v" "/var/lib/crater-agent-workspace/rustup-home:/opt/rustwide/rustup-home:ro,Z" "-e" "SOURCE_DIR=/opt/rustwide/workdir" "-e" "CARGO_TARGET_DIR=/opt/rustwide/target" "-e" "CARGO_INCREMENTAL=0" "-e" "RUST_BACKTRACE=full" "-e" "RUSTFLAGS=--cap-lints=forbid" "-e" "CARGO_HOME=/opt/rustwide/cargo-home" "-e" "RUSTUP_HOME=/opt/rustwide/rustup-home" "-w" "/opt/rustwide/workdir" "-m" "1610612736" "--user" "0:0" "--network" "none" "rustops/crates-build-env@sha256:d92eaeed33fa75130ca1ee6c8a01d1ffb62bac859dfdfb3450e3e5d1c0146529" "/opt/rustwide/cargo-home/bin/cargo" "+72f88fc4e9458f89516a0b8b0868f3718aec5b47" "check" "--frozen" "--all" "--all-targets" "--message-format=json", kill_on_drop: false }`
[INFO] [stdout] aeb92f6825bf2e9df2c69fd43030282c627c54d0ec86f0f1bab52820f01b0260
[INFO] [stderr] WARNING: Your kernel does not support swap limit capabilities or the cgroup is not mounted. Memory limited without swap.
[INFO] running `Command { std: "docker" "start" "-a" "aeb92f6825bf2e9df2c69fd43030282c627c54d0ec86f0f1bab52820f01b0260", kill_on_drop: false }`
[INFO] [stderr]    Compiling memchr v2.3.3
[INFO] [stderr]    Compiling syn v1.0.40
[INFO] [stderr]     Checking cty v0.1.5
[INFO] [stderr]    Compiling cty v0.2.1
[INFO] [stderr]    Compiling ndless-static-vars v2.1.0
[INFO] [stderr]     Checking ndless-sys v0.2.0
[INFO] [stderr]     Checking cstr_core v0.1.2
[INFO] [stderr]     Checking embedded-ffi v0.1.2
[INFO] [stderr]    Compiling ndless-macros v0.4.0
[INFO] [stderr]     Checking ndless v0.8.6 (/opt/rustwide/workdir)
[INFO] [stdout] error[E0599]: no method named `get_mut` found for union `MaybeUninit<[u8; 8192]>` in the current scope
[INFO] [stdout]   --> src/file_io/io/util.rs:54:39
[INFO] [stdout]    |
[INFO] [stdout] 54 |         reader.initializer().initialize(buf.get_mut());
[INFO] [stdout]    |                                             ^^^^^^^ method not found in `MaybeUninit<[u8; 8192]>`
[INFO] [stdout] 
[INFO] [stdout] 
[INFO] [stdout] error[E0599]: no method named `get_mut` found for union `MaybeUninit<[u8; 8192]>` in the current scope
[INFO] [stdout]   --> src/file_io/io/util.rs:59:44
[INFO] [stdout]    |
[INFO] [stdout] 59 |         let len = match reader.read(unsafe { buf.get_mut() }) {
[INFO] [stdout]    |                                                  ^^^^^^^ method not found in `MaybeUninit<[u8; 8192]>`
[INFO] [stdout] 
[INFO] [stdout] 
[INFO] [stdout] error[E0599]: no method named `get_ref` found for union `MaybeUninit<[u8; 8192]>` in the current scope
[INFO] [stdout]   --> src/file_io/io/util.rs:65:34
[INFO] [stdout]    |
[INFO] [stdout] 65 |         writer.write_all(unsafe { &buf.get_ref()[..len] })?;
[INFO] [stdout]    |                                        ^^^^^^^ method not found in `MaybeUninit<[u8; 8192]>`
[INFO] [stdout] 
[INFO] [stdout] 
[INFO] [stdout] error: aborting due to 3 previous errors
[INFO] [stdout] 
[INFO] [stdout] 
[INFO] [stdout] For more information about this error, try `rustc --explain E0599`.
[INFO] [stdout] 
[INFO] [stderr] error: could not compile `ndless`.
[INFO] [stderr] 
[INFO] [stderr] To learn more, run the command again with --verbose.
[INFO] [stderr] warning: build failed, waiting for other jobs to finish...
[INFO] [stdout] error[E0599]: no method named `get_mut` found for union `MaybeUninit<[u8; 8192]>` in the current scope
[INFO] [stdout]   --> src/file_io/io/util.rs:54:39
[INFO] [stdout]    |
[INFO] [stdout] 54 |         reader.initializer().initialize(buf.get_mut());
[INFO] [stdout]    |                                             ^^^^^^^ method not found in `MaybeUninit<[u8; 8192]>`
[INFO] [stdout] 
[INFO] [stdout] 
[INFO] [stdout] error[E0599]: no method named `get_mut` found for union `MaybeUninit<[u8; 8192]>` in the current scope
[INFO] [stdout]   --> src/file_io/io/util.rs:59:44
[INFO] [stdout]    |
[INFO] [stdout] 59 |         let len = match reader.read(unsafe { buf.get_mut() }) {
[INFO] [stdout]    |                                                  ^^^^^^^ method not found in `MaybeUninit<[u8; 8192]>`
[INFO] [stdout] 
[INFO] [stdout] 
[INFO] [stdout] error[E0599]: no method named `get_ref` found for union `MaybeUninit<[u8; 8192]>` in the current scope
[INFO] [stdout]   --> src/file_io/io/util.rs:65:34
[INFO] [stdout]    |
[INFO] [stdout] 65 |         writer.write_all(unsafe { &buf.get_ref()[..len] })?;
[INFO] [stdout]    |                                        ^^^^^^^ method not found in `MaybeUninit<[u8; 8192]>`
[INFO] [stdout] 
[INFO] [stdout] 
[INFO] [stdout] error: aborting due to 3 previous errors
[INFO] [stdout] 
[INFO] [stdout] 
[INFO] [stdout] For more information about this error, try `rustc --explain E0599`.
[INFO] [stdout] 
[INFO] [stderr] error: build failed
[INFO] running `Command { std: "docker" "inspect" "aeb92f6825bf2e9df2c69fd43030282c627c54d0ec86f0f1bab52820f01b0260", kill_on_drop: false }`
[INFO] running `Command { std: "docker" "rm" "-f" "aeb92f6825bf2e9df2c69fd43030282c627c54d0ec86f0f1bab52820f01b0260", kill_on_drop: false }`
[INFO] [stdout] aeb92f6825bf2e9df2c69fd43030282c627c54d0ec86f0f1bab52820f01b0260
